me factors of b.
3
Suppose -r = 2*c, 6*c - 2*c = 4*r. Suppose 2*a - 2*o + r*o = 98, 4*o - 74 = -2*a. What are the prime factors of a?
3, 5
Suppose o = 2*a, -4*a - 3*o + 5 + 15 = 0. Let y be (-1 + a)*3/1. Suppose y*z - 16 = z. List the prime factors of z.
2
Let u(q) = q**3 + 4*q**2 + 3*q - 2. Let m = 6 + -10. Let i be u(m). Let d = -10 - i. List the prime factors of d.
2
Let f be (-6)/(-2)*(-3)/(-3). Let g(d) = -d**3 + 5*d**2 - 4*d + 4. Let b be g(f). Let l = -4 + b. What are the prime factors of l?
2, 3
Suppose 2*c + 2*o = o + 41, -o = -4*c + 73. What are the prime factors of c?
19
Let y = 187 + -110. List the prime factors of y.
7, 11
Let d = -7 + 15. Suppose 6*c + d = 8*c. What are the prime factors of c?
2
Suppose -9 = -3*s - 0. Suppose -1 = -2*m + 2*v + s, -3*v = -6. List the prime factors of m.
2
Suppose -9 = z + x, 5 = -z + 5*x - 2*x. List the prime factors of (-7 - z) + 4/2.
3
Suppose 60 = -0*c + 5*c. List the prime factors of c.
2, 3
Suppose 7*w - 3*w + b - 22 = 0, -4*b = 4*w - 28. Suppose 38 = w*d - 3*d. List the prime factors of d.
19
Let j = 521 + -147. List the prime factors of j.
2, 11, 17
Let u = -7 + 15. What are the prime factors of u?
2
Suppose -2*s + 0 = 5*n + 9, s - n - 6 = 0. Suppose 0*y + 131 = 2*y + s*o, 0 = y - o - 73. Suppose -5*c - 20 = -y. What are the prime factors of c?
2, 5
Suppose 3*o - 107 = 4*x, -x - 6 = -o + 28. List the prime factors of o.
29
Suppose p = -4*p. Suppose 5*a + 25 = p, 4*a - 19 + 47 = 4*d. List the prime factors of d.
2
Let d = 5 + -1. Suppose d*z - 3*z - 8 = 0. What are the prime factors of z?
2
Suppose w - 12 = 2*y, -2*w = -3*y - 3 - 16. Let k(i) = 3*i + 3. What are the prime factors of k(w)?
3
Suppose 5*w - 297 = 1238. What are the prime factors of w?
307
Suppose v + 4*v - 60 = 0. Suppose 0 = -4*k - 4*o - 4, o - v = 4*o. Suppose -5*a - 3*u + 86 = 0, 2*a + k*u + 12 = 50. What are the prime factors of a?
2
Let d(t) = -t**2 - 11*t - 11. Suppose 0 = -b - b - 16. List the prime factors of d(b).
13
Suppose -o - 2*p + 20 = 0, -3*o + 2*p = -2 - 66. What are the prime factors of o?
2, 11
Let c = 27 - 19. Let p = 3 - 6. Let d = p + c. List the prime factors of d.
5
List the prime factors of 15*-12*(-2)/3.
2, 3, 5
Let g be (-276)/(-84) - (-2)/(-7). What are the prime factors of (-36)/(-30)*20/g?
2
Suppose 0 = 4*b - 0*y - 5*y - 21, 5*y = 5*b - 20. Let g = -11 + b. List the prime factors of 1/(-2) - 78/g.
2, 3
Let t = -5 + 8. Suppose -h - v = -5*v - 22, t*h + 2 = -5*v. List the prime factors of h.
2, 3
Let g = -16 + 10. Let p(w) = 3*w**3 - 9*w**2 + 9*w + 6. Let y(q) = -2*q**3 + 8*q**2 - 8*q - 6. Let t(d) = -3*p(d) - 4*y(d). What are the prime factors of t(g)?
2, 3
Let i be (-2 - 0)*15/6. Let u = i + 16. List the prime factors of u.
11
Suppose 0 = -4*u + 10 + 10. Suppose 5*a - a - 12 = 0. Suppose -4*b + 27 = a*q, -q + 0*q - u = -b. What are the prime factors of b?
2, 3
Let s = 3 - 7. What are the prime factors of (-3)/s + (-147)/(-12)?
13
Let s(f) = f**2 + 5*f - 7. Let q be s(-5). List the prime factors of (-13 - 0)/(q + 6).
13
List the prime factors of -2*(-75)/4*(-80)/(-24).
5
Suppose 15*l + 864 - 5514 = 0. List the prime factors of l.
2, 5, 31
Let q(j) = j**3 + 8*j**2 - 8*j + 5. Let f be q(-9). Suppose -2*i - 3*i - 39 = -3*d, -3*d - 2*i = -18. Let z = d + f. What are the prime factors of z?
2
Suppose 2*n + 3*k - 77 = 0, 34 = n - 2*k - 1. List the prime factors of n.
37
Let s = 19 - 13. Let v = s - 4. Suppose 0 = -v*p + 16 + 16. List the prime factors of p.
2
Let y(g) = -20*g**3 + 16*g**2 + 11*g. Let i(f) = -4*f**3 + 3*f**2 + 2*f. Suppose 13 = 4*h + 57. Let m(p) = h*i(p) + 2*y(p). List the prime factors of m(1).
3
Let f be 4/14 - (-904)/(-28). Let p = 49 + f. What are the prime factors of p?
17
Suppose -4*h = -3*h. Suppose -2*p + 5*p - 9 = h. List the prime factors of ((-4)/p)/(4/(-66)).
2, 11
Let q(k) = 2*k**2 - 3*k - 8. Let u be q(6). Let o = u - 32. List the prime factors of o.
2, 7
Let p(x) = x**2 - 4*x - 7. Let h be p(6). Suppose 2*r = -l + h, -5*r = -4*l + 15 - 47. Suppose -11 = -s - r. List the prime factors of s.
7
Suppose 0*a - 2*l = 2*a - 4, -24 = -3*a + 3*l. Suppose x - 14 = -a*b + 8, -b - 5*x + 14 = 0. What are the prime factors of b?
2
Suppose -24 = 2*m - 5*q, -5*m - 5*q + 4 = -6. What are the prime factors of (-2)/(-1*m/(-4))?
2
Let v = 48 + -5. What are the prime factors of v?
43
Let y(o) = -o - 6. Let a(m) = 1. Let t(l) = 20*a(l) + 4*y(l). What are the prime factors of t(-4)?
2, 3
Suppose 2*u = 2*w - 38, 0*w + w - 4*u = 25. Suppose 6 - w = -i. List the prime factors of i.
11
Let r = 8 - 5. What are the prime factors of (r/5)/1*5?
3
Let r(u) = 13*u**2 - 2. List the prime factors of r(2).
2, 5
Suppose 5*b + 2 = 2*y - 24, 2*y + 4*b = 62. List the prime factors of y.
23
Suppose -w = 15 - 75. Suppose 7*j = 3*j + w. List the prime factors of j.
3, 5
Let l = -4 + 40. Suppose -l - 4 = -5*a. List the prime factors of a.
2
Let y be (-6)/(-21) - (-150)/14. Suppose -53 = -4*u + y. List the prime factors of u.
2
Let b be ((-9)/(-4))/(3/8). Let m be -4 - (0 - (-2 - -20)). Suppose -b*l + m = -4*l. List the prime factors of l.
7
Suppose -4*w + 12 = -0*w. Let n(g) = g**3 - 3*g**2 + 4*g - 3. List the prime factors of n(w).
3
Let m be (4 + 2)*1/2. Suppose 2*b + m*b = 0, 5*q - 5*b - 15 = 0. What are the prime factors of q?
3
Let g = 2 - -7. Let y = -16 - -22. Let j = g - y. List the prime factors of j.
3
What are the prime factors of (-140)/(-65) + -2 + 4598/26?
3, 59
What are the prime factors of 165/3 + (-1)/(-1)?
2, 7
Let r(d) be the first derivative of 2*d**3/3 - 9*d**2/2 - 5*d - 1. Let v be r(8). Suppose -v + 11 = -4*n. What are the prime factors of n?
2, 5
Suppose 2*f = -2*f + 8. Suppose m - 30 = -f*m. What are the prime factors of m?
2, 5
Let p(x) be the first derivative of x**2/2 + 2*x + 2. Let r be p(0). List the prime factors of (5/(-10))/(r/(-20)).
5
What are the prime factors of 20*((-4)/(-50))/(2/170)?
2, 17
Suppose 81 = r - 56. What are the prime factors of r?
137
Let w = -6 - -8. Let g(k) = -15*k**3 + 1. Let z be g(-1). What are the prime factors of z/2*(-1 + w)?
2
Suppose 0 = 3*w - 6*w + 12. Suppose m - w*m = -18. List the prime factors of m.
2, 3
Let w(y) = 3*y**2 + 5*y - 2. What are the prime factors of w(-6)?
2, 19
Let p be (1 - -2) + 15 - 1. Let a = 33 - p. What are the prime factors of a?
2
Let n(t) = 2 - 7 + t**2 - 2*t + 3. What are the prime factors of n(-3)?
13
Let a(w) be the first derivative of 2*w**3/3 - w**2/2 + 4. What are the prime factors of a(3)?
3, 5
Suppose 3*k + 5*z = 59, 5*k + 0*k - 117 = z. Let c = -9 + k. List the prime factors of c.
2, 7
Let p be (4/(-5))/((-2)/5). Suppose -4*f - 13 = p*s + 31, 20 = -4*f. Let t = -5 - s. What are the prime factors of t?
7
Let h = 51 + 5. List the prime factors of h.
2, 7
Suppose w = 2*b + 2*w - 45, -5*b - 4*w = -120. Let t = 0 + b. List the prime factors of t.
2, 5
Suppose 0 = -7*u + 41 + 484. List the prime factors of u.
3, 5
Let p(w) = -w**2 - 9*w + 3. Let i be p(-7). Let d = i + -11. List the prime factors of d.
2, 3
Suppose -b = 3*b - 232. Let y = b + -40. What are the prime factors of y?
2, 3
List the prime factors of 272/10 - (-1)/(-5).
3
Let k(c) = -12*c**3 + 4 - c**3 - 2*c**3 + c**2 - 5. What are the prime factors of k(-1)?
3, 5
Let k be 6/(-3) + (0 - -2). Suppose -14 = -c - k*c. What are the prime factors of c?
2, 7
Let c = -6 - -10. Suppose 2*i = -5*v - c, 4*i + 0*i + v - 28 = 0. What are the prime factors of i?
2
Let b = -5 + 10. Suppose -b*a = 27 - 67. What are the prime factors of a?
2
Let v = 48 + 12. Let q = v + -27. List the prime factors of q.
3, 11
Suppose v + 4 = -3*w, 2*w + 2*w + 9 = -5*v. What are the prime factors of 27 + (1 - v - 0)?
29
Let x(g) be the third derivative of g**4/24 - 5*g**3/6 - 5*g**2. What are the prime factors of x(10)?
5
Let y(m) be the third derivative of m**4/24 + m**3/6 + m**2. List the prime factors of y(7).
2
Let d(j) = j**2 + 4. What are the prime factors of d(-10)?
2, 13
Suppose 2*m - 16 = 3*o, -2*m = m + 2*o - 11. Suppose -m*b + 2*b = -t + 9, 5*t = -b + 93. List the prime factors of t.
2, 3
Suppose -5*a + 10*a - 10 = 0. Suppose -3*y - 38 = a*k, 0 = -5*k - y + 26 - 147. Let b = 38 + k. List the prime factors of b.
13
List the prime factors of (0 + -2)*(-4 + 80)/(-4).
2, 19
Suppose 0 = 2